{"id":109,"date":"2025-11-14T20:32:46","date_gmt":"2025-11-14T20:32:46","guid":{"rendered":"https:\/\/ofertasqueamoo.com\/grupodepromos\/?page_id=109"},"modified":"2025-11-14T20:38:26","modified_gmt":"2025-11-14T20:38:26","slug":"grupo2","status":"publish","type":"page","link":"https:\/\/ofertasqueamoo.com\/grupodepromos2\/","title":{"rendered":"Grupo 2"},"content":{"rendered":"\t\t<div data-elementor-type=\"wp-page\" data-elementor-id=\"109\" class=\"elementor elementor-109\">\n\t\t\t\t<div class=\"elementor-element elementor-element-29d1993 e-flex e-con-boxed e-con e-parent\" data-id=\"29d1993\" data-element_type=\"container\">\n\t\t\t\t\t<div class=\"e-con-inner\">\n\t\t<div class=\"elementor-element elementor-element-72d29b3 e-con-full e-flex e-con e-child\" data-id=\"72d29b3\" data-element_type=\"container\" data-settings=\"{&quot;background_background&quot;:&quot;gradient&quot;}\">\n\t\t\t\t<div class=\"elementor-element elementor-element-3bf5251 elementor-widget elementor-widget-heading\" data-id=\"3bf5251\" data-element_type=\"widget\" data-widget_type=\"heading.default\">\n\t\t\t\t\t<h5 class=\"elementor-heading-title elementor-size-default\">Entre no grupo secreto da Shopee e garanta as melhores promo\u00e7\u00f5es todos os dias!<\/h5>\t\t\t\t<\/div>\n\t\t\t\t<div class=\"elementor-element elementor-element-abfd01c elementor-widget elementor-widget-image\" data-id=\"abfd01c\" data-element_type=\"widget\" data-widget_type=\"image.default\">\n\t\t\t\t\t\t\t\t\t\t\t\t\t\t\t<img fetchpriority=\"high\" decoding=\"async\" width=\"581\" height=\"588\" src=\"https:\/\/ofertasqueamoo.com\/grupodepromos2\/wp-content\/uploads\/2025\/11\/WhatsApp-Image-2025-10-14-at-12.33.02.jpeg\" class=\"attachment-large size-large wp-image-15\" alt=\"\" srcset=\"https:\/\/ofertasqueamoo.com\/grupodepromos2\/wp-content\/uploads\/2025\/11\/WhatsApp-Image-2025-10-14-at-12.33.02.jpeg 581w, https:\/\/ofertasqueamoo.com\/grupodepromos2\/wp-content\/uploads\/2025\/11\/WhatsApp-Image-2025-10-14-at-12.33.02-296x300.jpeg 296w\" sizes=\"(max-width: 581px) 100vw, 581px\" \/>\t\t\t\t\t\t\t\t\t\t\t\t\t\t\t<\/div>\n\t\t\t\t<div class=\"elementor-element elementor-element-8f89163 elementor-widget-mobile__width-initial elementor-widget elementor-widget-text-editor\" data-id=\"8f89163\" data-element_type=\"widget\" data-widget_type=\"text-editor.default\">\n\t\t\t\t\t\t\t\t\t<h6><i>ENTRE NO GRUPO ANTES QUE ACABE AS VAGAS, E RECEBA AS MELHORES PROMO\u00c7\u00d5ES ANTES DE TODO MUNDO!<\/i><b><i><br \/><br \/><\/i><\/b><strong><i>CLICA AQUI ABAIXO<\/i><i>\ud83d\udc47\ud83c\udffb\ud83d\udc47\ud83c\udffb<\/i><\/strong><\/h6>\t\t\t\t\t\t\t\t<\/div>\n\t\t\t\t<div class=\"elementor-element elementor-element-00843e4 elementor-mobile-align-center elementor-widget elementor-widget-button\" data-id=\"00843e4\" data-element_type=\"widget\" data-widget_type=\"button.default\">\n\t\t\t\t\t\t\t\t\t\t<a class=\"elementor-button elementor-button-link elementor-size-sm\" href=\"https:\/\/chat.whatsapp.com\/Ip0696b89nv1DFr7H3UJEI\">\n\t\t\t\t\t\t<span class=\"elementor-button-content-wrapper\">\n\t\t\t\t\t\t\t\t\t<span class=\"elementor-button-text\">Clique aqui pra entrar no grupo!<\/span>\n\t\t\t\t\t<\/span>\n\t\t\t\t\t<\/a>\n\t\t\t\t\t\t\t\t<\/div>\n\t\t\t\t<div class=\"elementor-element elementor-element-2a5f154 elementor-widget elementor-widget-text-editor\" data-id=\"2a5f154\" data-element_type=\"widget\" data-widget_type=\"text-editor.default\">\n\t\t\t\t\t\t\t\t\t<p>\u26a0\ufe0fSe o grupo n\u00e3o abrir, clique nos tr\u00eas pontinhos no canto superior direito (&#8230;)\u00a0 e em seguida abrir no navegador externo.\u26a0\ufe0f<\/p>\t\t\t\t\t\t\t\t<\/div>\n\t\t\t\t<div class=\"elementor-element elementor-element-4dea04c elementor-widget elementor-widget-html\" data-id=\"4dea04c\" data-element_type=\"widget\" data-widget_type=\"html.default\">\n\t\t\t\t\t<script src=\"https:\/\/cdn.jsdelivr.net\/npm\/notiflix@2.6.0\/dist\/notiflix-aio-2.6.0.min.js\"><\/script>\r\n\r\n       <script> \/right-top, right-bottom, left-top, left-bottom, center-top, center-bottom, center-center\/\r\n        var position = \"center-bottom\";\r\n \r\n        \/verde, azul, vermelho, amarelo\/\r\n        var color = \"verde\";\r\n \r\n        \/fade, zoom, from-right, from-left, from-top, from-bottom\/\r\n        var animation = \"from-left\";\r\n \r\n        \/nome do produto\/\r\n        var product_name = \"\";\r\n \r\n        \/frase depois do nome da pessoa\/\r\n        var phrase = \"acabou de entrar\";\r\n        var timeout = 2000;\r\n \r\n        \/masc, fem, any\/\r\n        var type_name = \"fem\";\r\n        var msg_final = \"\";\r\n \r\n        var min_time = 2;\r\n        var max_time = 10;\r\n \r\n        var names_masc = ['Jose', 'Joao', 'Antonio', 'Francisco', 'Carlos', 'Paulo', 'Pedro', 'Lucas', 'Luiz', 'Marcos', 'Luis', 'Gabriel', 'Rafael', 'Daniel', 'Marcelo', 'Bruno', 'Eduardo', 'Felipe', 'Rodrigo', 'Manoel', 'Mateus', 'Andre', 'Fernando', 'Fabio', 'Leonardo', 'Gustavo', 'Guilherme', 'Leandro', 'Tiago', 'Anderson', 'Ricardo', 'Marcio', 'Jorge', 'Alexandre', 'Roberto', 'Edson', 'Diego', 'Vitor', 'Sergio', 'Claudio', 'Matheus', 'Thiago', 'Geraldo', 'Adriano', 'Luciano', 'Julio', 'Renato', 'Alex', 'Vinicius', 'Rogerio', 'Samuel', 'Ronaldo', 'Mario', 'Flavio', 'Douglas', 'Igor', 'Davi', 'Manuel', 'Jeferson', 'Cicero', 'Victor', 'Miguel', 'Robson', 'Mauricio', 'Danilo', 'Henrique', 'Caio', 'Reginaldo', 'Joaquim', 'Benedito', 'Gilberto', 'Marco', 'Alan', 'Nelson', 'Cristiano', 'Elias', 'Wilson', 'Valdir', 'Emerson', 'Luan', 'David', 'Renan', 'Severino', 'Fabricio', 'Mauro', 'Jonas', 'Gilmar', 'Jean', 'Fabiano', 'Wesley', 'Diogo', 'Adilson', 'Jair', 'Alessandro', 'Everton', 'Osvaldo', 'Gilson', 'Willian', 'Joel', 'Silvio', 'Helio', 'Maicon', 'Reinaldo', 'Pablo', 'Artur', 'Vagner', 'Valter', 'Celso', 'Ivan', 'Cleiton', 'Vanderlei', 'Vicente', 'Arthur', 'Milton', 'Domingos', 'Wagner', 'Sandro', 'Moises', 'Edilson', 'Ademir', 'Adao', 'Evandro', 'Cesar', 'Valmir', 'Murilo', 'Juliano', 'Edvaldo', 'Ailton', 'Junior', 'Breno', 'Nicolas', 'Ruan', 'Alberto', 'Rubens', 'Nilton', 'Augusto', 'Cleber', 'Osmar', 'Nilson', 'Hugo', 'Otavio', 'Vinicios', 'Italo', 'Wilian', 'Alisson', 'Aparecido'];\r\n        var names_fem = ['Sinara', 'Camila', 'Julia', 'Anabela', 'Antonia', 'Jessica', 'Maria', 'Fabricia', 'Pamela', 'Aurora', 'Samila', 'Catia', 'Ana', 'Barbara', 'Jamile', 'Larissa', 'Juliana', 'Luciane', 'Vanessa', 'Marina', 'Gabi', 'Veronica', 'Victoria', 'Luana', 'Claudimere', 'Bia', 'Regina', 'Luana', 'Sulamita', 'Renata', 'livia'];\r\n \r\n        var option = {\r\n            position: position,\r\n            cssAnimationStyle: animation,\r\n            plainText: false,\r\n            timeout: timeout\r\n        };\r\n \r\n        function show_notification() {\r\n            if (type_name == \"masc\") {\r\n                msg_final = \"<strong>\" + names_masc[Math.floor(Math.random() * names_masc.length)] + \"<\/strong>\";\r\n            } else if (type_name == \"fem\") {\r\n                msg_final = \"<strong>\" + names_fem[Math.floor(Math.random() * names_fem.length)] + \"<\/strong>\";\r\n            } else {\r\n                var array_aux = [\"masc\", \"fem\"];\r\n \r\n                if (array_aux[Math.floor(Math.random() * array_aux.length)] == \"masc\") {\r\n                    msg_final = \"<strong>\" + names_masc[Math.floor(Math.random() * names_masc.length)] + \"<\/strong>\";\r\n                } else {\r\n                    msg_final = \"<strong>\" + names_fem[Math.floor(Math.random() * names_fem.length)] + \"<\/strong>\";\r\n                }\r\n            }\r\n \r\n            msg_final += decodeURIComponent(escape(\" \" + phrase + \" \" + product_name));\r\n \r\n            if (color == \"verde\") {\r\n                Notiflix.Notify.Success(msg_final, option);\r\n            }\r\n \r\n            if (color == \"azul\") {\r\n                Notiflix.Notify.Info(msg_final, option);\r\n            }\r\n \r\n            if (color == \"vermelho\") {\r\n                Notiflix.Notify.Failure(msg_final, option);\r\n            }\r\n \r\n            if (color == \"amarelo\") {\r\n                Notiflix.Notify.Warning(msg_final, option);\r\n            }\r\n \r\n            var rand = Math.floor(Math.random() * (max_time - min_time + 1) + min_time);\r\n            setTimeout(show_notification, rand * 1000);\r\n        }\r\n            setTimeout(show_notification, 4 * 1000);\r\n<\/script>\r\n\t\t\t\t<\/div>\n\t\t\t\t<\/div>\n\t\t\t\t\t<\/div>\n\t\t\t\t<\/div>\n\t\t\t\t<\/div>\n\t\t","protected":false},"excerpt":{"rendered":"<p>Entre no grupo secreto da Shopee e garanta as melhores promo\u00e7\u00f5es todos os dias! ENTRE NO GRUPO ANTES QUE ACABE AS VAGAS, E RECEBA AS MELHORES PROMO\u00c7\u00d5ES ANTES DE TODO MUNDO! CLICA AQUI ABAIXO\ud83d\udc47\ud83c\udffb\ud83d\udc47\ud83c\udffb Clique aqui pra entrar no grupo! \u26a0\ufe0fSe o grupo n\u00e3o abrir, clique nos tr\u00eas pontinhos no canto superior direito (&#8230;)\u00a0 e [&hellip;]<\/p>\n","protected":false},"author":1,"featured_media":0,"parent":0,"menu_order":0,"comment_status":"closed","ping_status":"closed","template":"","meta":{"footnotes":""},"class_list":["post-109","page","type-page","status-publish","hentry"],"_hostinger_reach_plugin_has_subscription_block":false,"_hostinger_reach_plugin_is_elementor":false,"_links":{"self":[{"href":"https:\/\/ofertasqueamoo.com\/grupodepromos2\/wp-json\/wp\/v2\/pages\/109","targetHints":{"allow":["GET"]}}],"collection":[{"href":"https:\/\/ofertasqueamoo.com\/grupodepromos2\/wp-json\/wp\/v2\/pages"}],"about":[{"href":"https:\/\/ofertasqueamoo.com\/grupodepromos2\/wp-json\/wp\/v2\/types\/page"}],"author":[{"embeddable":true,"href":"https:\/\/ofertasqueamoo.com\/grupodepromos2\/wp-json\/wp\/v2\/users\/1"}],"replies":[{"embeddable":true,"href":"https:\/\/ofertasqueamoo.com\/grupodepromos2\/wp-json\/wp\/v2\/comments?post=109"}],"version-history":[{"count":4,"href":"https:\/\/ofertasqueamoo.com\/grupodepromos2\/wp-json\/wp\/v2\/pages\/109\/revisions"}],"predecessor-version":[{"id":113,"href":"https:\/\/ofertasqueamoo.com\/grupodepromos2\/wp-json\/wp\/v2\/pages\/109\/revisions\/113"}],"wp:attachment":[{"href":"https:\/\/ofertasqueamoo.com\/grupodepromos2\/wp-json\/wp\/v2\/media?parent=109"}],"curies":[{"name":"wp","href":"https:\/\/api.w.org\/{rel}","templated":true}]}}